a) = 2*a - 13. Suppose w - 5 = -s, 0 = 5*s - 6*w + 5*w + 23. Calculate h(s).
-19
Let k be (2/4)/(5/30). Let g(d) = -6*d**3 - 20*d**2 + 25*d. Let x(u) = -u**3 - 3*u**2 + 4*u. Let j(v) = 2*g(v) - 13*x(v). Calculate j(k).
12
Let c(z) = z**3 - 5*z**2 - 3*z + 9. Let g be (10/(-30))/(28/30 - 1). Give c(g).
-6
Let z(n) = n**3 + 4*n**2 + 2*n - 4. Let v be ((-72)/30)/(-6) + 108/5. Let g = 158 - 100. Let d be v/99 + g/(-18). What is z(d)?
-1
Let i(g) = -15*g + 6. Let q(y) = -20*y - 165. Let r be q(-8). Calculate i(r).
81
Let g(a) = 3*a**2 - 3*a. Suppose -96 = -316*d + 318*d. Let u = d + 50. Give g(u).
6
Let w be (15/(-25))/(1/(-5)). Let a(v) = 393*v + 3. Let f be a(w). Let t(y) = -y - f*y**3 + 1183*y**3 + y - 2 - 3*y**2. Calculate t(2).
-6
Let u(b) be the third derivative of b**5/60 + 11*b**4/24 + 3*b**3/2 - b**2. Let i(r) = -r**2 + 8*r + 24. Let z be i(12). Let p be z/16*(2 + 4). Determine u(p).
-9
Suppose -2*a - 18*z + 23*z = -11, 0 = 4*a - 5*z - 37. Let b(f) = 1. Let l(s) = -s**2 + 16*s - 33. Let g(r) = 4*b(r) + l(r). Determine g(a).
10
Let m(j) = j**2 + 4*j - 10. Suppose u - 132 = -4*o, 5*u - 2*o = u + 438. Let d = u + -118. Give m(d).
2
Let j = 10541 - 10538. Let r(l) be the second derivative of -1/3*l**j - 3/2*l**2 - 22*l + 0. Determine r(-5).
7
Let r(s) = -4*s**3 + 20*s**2 + 2*s - 12. Let y = 2148 - 2143. What is r(y)?
-2
Let s(k) = -2*k**2 - 12*k - 10. Let u(h) = -h**3 - 10*h**2 - 19*h + 9. Let m be u(-7). What is s(m)?
0
Let i be -2 - (-20)/9 - (-1924)/333. Let a(u) be the second derivative of -u**5/20 + 2*u**4/3 - u**3 - 7*u**2/2 - u. What is a(i)?
29
Let g(k) be the second derivative of -k**3/3 - 5*k**2 - k. Let s be g(-11). Let n(i) = -9*i - 1 - 6 + s*i. Determine n(6).
11
Suppose 173 - 611 = 17*m - 90*m. Let g(u) = -u**3 + 4*u**2 + 7*u + 26. Calculate g(m).
-4
Let l(x) = 2*x**3 - 2*x - 1. Let i = -39 - -45. Suppose -17*g + i*g - 11 = 0. What is l(g)?
-1
Let w(n) = -5*n + 37. Let t be (-258)/(-24)*1 - (1 - 1/4). Determine w(t).
-13
Let i(v) = -5*v**2 - 3*v - 7. Suppose 0*a - 2*j - 41 = 5*a, 0 = 3*a + 5*j + 36. Let h(b) = -11*b**2 - 7*b - 16. Let r(w) = a*i(w) + 3*h(w). What is r(1)?
3
Suppose -478 + 58 = -6*g. Suppose -100 = -3*t - 3*h + 119, -5*t + 361 = 4*h. Let k(d) = -t - d**2 + g + 5*d - 2*d. What is k(6)?
-17
Let c(l) = l**3 + 6*l**2 - 6*l - 31. Let j be c(-6). Let h(r) = -r**3 - r**2 + 0*r**3 + 0 + 2 + 7*r**2 - 5*r. What is h(j)?
2
Let y = 9 + 0. Let p be (-2)/y + 38/9. Let d(t) = t**2 - 15 - 13 - 60*t - 11 + 35 + 59*t. What is d(p)?
8
Let c(b) = 163 - 117*b**2 + 70*b**2 - 13*b + 58*b**2 - 10*b + 8*b - b**3. Calculate c(11).
-2
Let j(g) = 660 + g + 3*g + 653 - 1321. Determine j(4).
8
Let z = 15 - 10. Let h(f) = -24*f**2 - 7 + 5*f + 23*f**2 + 12 - 3. Give h(z).
2
Let t(h) = -6*h - 5. Let y = 1609 - 1615. Calculate t(y).
31
Let b(z) = 35*z**3 + 8*z**2 - 11. Let l(d) = -23*d**3 - 5*d**2 + 7. Let x(o) = 5*b(o) + 8*l(o). Suppose 0 = -6*m + 8*m - 2. Give x(m).
-8
Let x(l) = l**2 + 7*l + 9. Let z be x(-6). Suppose 2*b + t + 1 = 0, b - 5*t = -8*t - 3. Let q(r) = 1 + b*r**2 - z*r**2 - 3 + r**2. Calculate q(2).
-10
Suppose -3*s + 15 = -2*x, 0 = -s + 4*s - x - 12. Suppose -s*z + 45 = -12*z. Let l(g) = -g**3 - 6*g**2 - 6*g + 6. What is l(z)?
11
Let w(h) = -10*h**2 + 18*h**2 - 4*h**2 - 5*h**2 - h + 0*h + 1. Let n(g) = -5*g**2 - 15*g + 17. Let r(t) = -n(t) + 4*w(t). Determine r(-12).
-1
Let l(c) = c**3 - 7*c**2 + 12*c + 2. Let i(v) = 25*v**2 + 175*v - 195. Let b be i(-8). Determine l(b).
12
Let q(u) = -12*u + 920209 + 920207 - 1840416. Determine q(2).
-24
Suppose s - 30 + 2 = -5*r, 2*r + 6*s = 0. Let b(w) = -10*w + 14*w - 1 - 7 + 0. What is b(r)?
16
Let q be 386/(-7) - (-4)/28. Let v be q/11 + (-6)/(-2). Let x be ((-44)/48*-4)/(v/6). Let u(d) = d + 11. Determine u(x).
0
Let s(d) = -d**2 + 1. Let g be (-54)/(-144) - (330/(-16) + 1). Suppose -2 = -11*q + g. Give s(q).
-3
Let i(c) = -5*c**3 + 21*c**2 + 20*c + 27. Let w(s) = 4*s**3 - 21*s**2 - 26*s - 28. Let z(y) = 3*i(y) + 4*w(y). Calculate z(23).
15
Suppose -30 - 31 = 2*g - 21. Let k(d) = d**2 + 23*d + 46. Calculate k(g).
-14
Let n(k) be the third derivative of -k**7/840 + 7*k**6/360 - k**4/24 - 31*k**3/6 - 56*k**2. Let y(t) be the first derivative of n(t). Determine y(6).
35
Suppose 5*w + a + 38 = 0, 8 = 2*w - 5*a + 7. Let g(n) be the first derivative of -1 - 10*n - 3/2*n**2. Determine g(w).
11
Let h(m) = -66 - 54*m - 53 + 38 + 51*m. Let r be h(-26). Let b(q) = -2*q - 2. What is b(r)?
4
Let w(r) = r + r**2 - 63 + 129 - 65 + r**2. What is w(2)?
11
Suppose -4 = -y - q, 3*y - 2 = -2*q + 7. Let z(l) = 2*l - 11*l**3 - 2*l - 3730609*l**2 + l + 3730607*l**2. Give z(y).
-12
Let l = -158 - -163. Suppose 11*k = -l*k. Let o(j) = j + 10. Give o(k).
10
Let o(s) = 78 - 247*s**2 + 248*s**2 - 85 + 3*s. Determine o(3).
11
Let p(j) be the first derivative of 27 - 11*j - 1/2*j**2. What is p(-7)?
-4
Let o(b) = b**2 - 21*b - 1. Let x be o(21). Let k be 15 + (-3 - (1 + x)). Let r be (6 - 3)/((-9)/k). Let t(z) = -z**3 - 2*z**2 + 4*z + 3. Give t(r).
19
Suppose 3*q - 20 = -2*q. Let u be 16/(5 - 3) + q. Suppose -2*l + 0*l - 4*a - 8 = 0, -2*a + u = 5*l. Let z(g) = -g**3 + 4*g**2 + 4*g + 4. What is z(l)?
20
Let v be 18/(-108) + (-25)/(-6). Let j(f) = -1 + 3*f + 8*f**2 + f**3 + v*f + 0*f. Suppose -130*r - 7 = -129*r. Give j(r).
-1
Let c(b) be the second derivative of -b**6/720 - b**5/30 + b**4/6 - 43*b**2/2 - 29*b. Let u(m) be the third derivative of c(m). What is u(0)?
-4
Let r(m) = -m - 3. Let j(a) = -2*a - 5. Let w(b) = 6*j(b) - 13*r(b). Let p(f) = -13*f + 433. Let h be p(34). Determine w(h).
0
Suppose -73 - 4 = -14*j - 7. Let t(z) be the first derivative of 0*z - 1 - 5/2*z**2 + 1/3*z**3. Calculate t(j).
0
Let p(q) = 65*q**2 + 32*q**2 + 40*q**2 - 190*q**2. What is p(-1)?
-53
Let m(f) = -3*f**3 + 2*f**2 + f - 3. Let p(k) = -15*k**3 + 12*k**2 + 6*k - 18. Let b(g) = 11*m(g) - 2*p(g). Calculate b(-2).
21
Suppose -4*y + 5*g + 15 = 0, -3*g = 3*y + 103 - 121. Let a(f) = -f**2 + 3*f + 10. Calculate a(y).
0
Let r(y) = -20*y**2 + 4*y - 10. Let s(b) = -57*b**2 + 12*b - 27. Let m(v) = 17*r(v) - 6*s(v). Give m(-5).
62
Let g(f) be the first derivative of -12*f + 3*f**3 + 1/4*f**4 - 1/2*f**2 + 7. Let d(x) = x**3 + 31*x**2 - 9. Let b be d(-31). Determine g(b).
-3
Let d(l) be the third derivative of -l**4/12 + 3*l**3/2 + 53*l**2 - 21*l. Suppose 2*a - a = 0. Give d(a).
9
Let o(k) = k**3 + 3*k**2 - 5*k - 5. Let j be 1/(-2)*3*260/(-39). Suppose -j = 10*u + 30. What is o(u)?
-1
Let r(k) = -4*k - 5. Let m(u) = u + 1. Let y(h) = -h**3 - 7*h**2 - 7*h + 16. Let i be y(-5). Let v(g) = i*r(g) + 5*m(g). Give v(-3).
-3
Let f be (-12)/(2/(20/90) + -7). Let w(y) = -2*y**2 - 8*y - 2. Calculate w(f).
-26
Let j(l) be the first derivative of -3*l**2 - 11*l + 2715. Calculate j(-7).
31
Let r(u) = u + 13. Let h(q) = 4*q - 19. Let s be h(5). Let b(j) = 21*j**2 - 2*j + 2. Let z be b(s). Suppose z*t = 25*t + 44. Calculate r(t).
2
Suppose 0 = 117*l - 96*l - 252. Let u(a) = 634*a**2 - 635*a**2 - l + 2 + 11*a. Determine u(10).
0
Suppose -105 = 28*d + 63. Let z be (2 - 12)*-2*d/(-30). Let m(h) = -2*h**2 + 6*h + 3. Give m(z).
-5
Suppose -10*z + 23*z - 14625 = 0. Let t(d) = 7 + z*d - 561*d - 563*d. Give t(-6).
1
Let m(p) be the third derivative of -23*p**4/24 + 17*p**3/6 - 27*p**2 - 55*p. Calculate m(4).
-75
Let j(d) = 4*d + 10. Let o be 1*14 + (-135 - -119). What is j(o)?
2
Suppose 60 = 23*u + 7*u. Let n(a) = 27*a + 8*a - 37*a - u. What is n(1)?
-4
Let a be 204/(-3570) - (-141)/630. Let h(p) be the second derivative of a*p**3 - 13/2*p**2 - 16*p + 0. Give h(10).
-3
Let j(s) = 66*s**3 - 2*s**2 + 9*s + 4. Let w(l) = -326*l**3 + 11*l**2 - 50*l - 22. Let v(p) = 11*j(p) + 2*w(p). What is v(-1)?
-73
Let l be ((-510)/204 + (-6)/(-4))*0. Let a(j) be the first derivative of -j**4/4 - j**2/2 - 2*j + 1. Determine a(l).
-2
Let h(n) = -6*n**2 + 7*n + 1. Let x(j) = 3*j**2 + 5*j - 4. Let r be x(-2). What is h(r)?
-37
Let g = -10584 + 10583. Let z(b) = 26*b + 10. Determine z(g).
-16
Let k(q) = -q**3 - 3*q**2 - 4*q. Let h(f) = f**3 + 16*f**2 + 107*f + 2570. Let b be h(-18). Calculate k(b).
32
Let y = -9616 + 9662. Let u(q) = -10*q + 467. What is u(y)?
7
Let a(q) = -11*q**2 + 29*q + 13. Let s(i) = -13*i**2 + 32*i + 13. Let d(m) = 7*a(m) - 6*s(m). Determine d(-3).
-11
Let v = -5 + 8. 